{"id":6069,"date":"2022-07-04T21:55:09","date_gmt":"2022-07-05T02:55:09","guid":{"rendered":"https:\/\/palitrochestore.com.mx\/?post_type=product&#038;p=6069"},"modified":"2026-02-13T01:56:12","modified_gmt":"2026-02-13T07:56:12","slug":"funko-pop-supreme-doctor-strange-1005-multiverse-madness","status":"publish","type":"product","link":"https:\/\/palitrochestore.com.mx\/?product=funko-pop-supreme-doctor-strange-1005-multiverse-madness","title":{"rendered":"Funko Pop Supreme Doctor Strange 1005 Multiverse Madness"},"content":{"rendered":"<p>Se parte del Multiverso de la Locura, con esta nueva colecci\u00f3n que Funko y Marvel Studios ponen a tu alcance con este modelo POP Marvel, inspirado en la nueva pel\u00edcula de Doctor Strange Multiverse of Madness, ad\u00e9ntrate al MCU con esta nueva aventura en donde el Hechicero Supremo se enfrenta a sus equivocaciones y a la realidad misma, no te pierdas la oportunidad de hacer crecer tu colecci\u00f3n Pop Marvel y ll\u00e9vate a casa a este incre\u00edble coleccionable.<\/p>\n<p><strong>Funko Pop! Original n\u00famero 1005<\/strong><br \/>\nFigura coleccionable de Vinil completamente nueva.<br \/>\n&#8211; Altura aproximada: 9.5 cm<br \/>\n&#8211; Materiales: Fabricados en Vinyl<br \/>\n&#8211; L\u00ednea: Pop!<br \/>\n&#8211; Condici\u00f3n: Funko totalmente nuevo y original<br \/>\n&#8211; Incluye: Empaque en una caja con ventana transparente.<\/p>\n","protected":false},"excerpt":{"rendered":"<p>Se parte del Multiverso de la Locura, con esta nueva colecci\u00f3n que Funko y Marvel Studios ponen a tu alcance con este modelo POP Marvel, inspirado en la nueva pel\u00edcula de Doctor Strange Multiverse of Madness, ad\u00e9ntrate al MCU con esta nueva aventura en donde el Hechicero Supremo se enfrenta a sus equivocaciones y a [&hellip;]<\/p>\n","protected":false},"featured_media":6070,"comment_status":"open","ping_status":"closed","template":"","meta":{"site-sidebar-layout":"default","site-content-layout":"default","ast-site-content-layout":"default","site-content-style":"default","site-sidebar-style":"default","ast-global-header-display":"","ast-banner-title-visibility":"","ast-main-header-display":"","ast-hfb-above-header-display":"","ast-hfb-below-header-display":"","ast-hfb-mobile-header-display":"","site-post-title":"","ast-breadcrumbs-content":"","ast-featured-img":"","footer-sml-layout":"","ast-disable-related-posts":"","theme-transparent-header-meta":"default","adv-header-id-meta":"","stick-header-meta":"","header-above-stick-meta":"","header-main-stick-meta":"","header-below-stick-meta":"","astra-migrate-meta-layouts":"default","ast-page-background-enabled":"default","ast-page-background-meta":{"desktop":{"background-color":"","background-image":"","background-repeat":"repeat","background-position":"center center","background-size":"auto","background-attachment":"scroll","background-type":"","background-media":"","overlay-type":"","overlay-color":"","overlay-opacity":"","overlay-gradient":""},"tablet":{"background-color":"","background-image":"","background-repeat":"repeat","background-position":"center center","background-size":"auto","background-attachment":"scroll","background-type":"","background-media":"","overlay-type":"","overlay-color":"","overlay-opacity":"","overlay-gradient":""},"mobile":{"background-color":"","background-image":"","background-repeat":"repeat","background-position":"center center","background-size":"auto","background-attachment":"scroll","background-type":"","background-media":"","overlay-type":"","overlay-color":"","overlay-opacity":"","overlay-gradient":""}},"ast-content-background-meta":{"desktop":{"background-color":"var(--ast-global-color-5)","background-image":"","background-repeat":"repeat","background-position":"center center","background-size":"auto","background-attachment":"scroll","background-type":"","background-media":"","overlay-type":"","overlay-color":"","overlay-opacity":"","overlay-gradient":""},"tablet":{"background-color":"var(--ast-global-color-5)","background-image":"","background-repeat":"repeat","background-position":"center center","background-size":"auto","background-attachment":"scroll","background-type":"","background-media":"","overlay-type":"","overlay-color":"","overlay-opacity":"","overlay-gradient":""},"mobile":{"background-color":"var(--ast-global-color-5)","background-image":"","background-repeat":"repeat","background-position":"center center","background-size":"auto","background-attachment":"scroll","background-type":"","background-media":"","overlay-type":"","overlay-color":"","overlay-opacity":"","overlay-gradient":""}}},"product_brand":[],"product_cat":[34,95],"product_tag":[],"class_list":{"0":"post-6069","1":"product","2":"type-product","3":"status-publish","4":"has-post-thumbnail","6":"product_cat-funko","7":"product_cat-marvel","8":"desktop-align-center","9":"tablet-align-center","10":"mobile-align-center","12":"first","13":"outofstock","14":"shipping-taxable","15":"purchasable","16":"product-type-simple"},"yoast_head":"<!-- This site is optimized with the Yoast SEO plugin v27.3 - https:\/\/yoast.com\/product\/yoast-seo-wordpress\/ -->\n<title>Funko Pop Supreme Doctor Strange 1005 Multiverse Madness - Palitroche Store<\/title>\n<meta name=\"robots\" content=\"index, follow, max-snippet:-1, max-image-preview:large, max-video-preview:-1\" \/>\n<link rel=\"canonical\" href=\"https:\/\/palitrochestore.com.mx\/?product=funko-pop-supreme-doctor-strange-1005-multiverse-madness\" \/>\n<meta property=\"og:locale\" content=\"es_ES\" \/>\n<meta property=\"og:type\" content=\"article\" \/>\n<meta property=\"og:title\" content=\"Funko Pop Supreme Doctor Strange 1005 Multiverse Madness - Palitroche Store\" \/>\n<meta property=\"og:description\" content=\"Se parte del Multiverso de la Locura, con esta nueva colecci\u00f3n que Funko y Marvel Studios ponen a tu alcance con este modelo POP Marvel, inspirado en la nueva pel\u00edcula de Doctor Strange Multiverse of Madness, ad\u00e9ntrate al MCU con esta nueva aventura en donde el Hechicero Supremo se enfrenta a sus equivocaciones y a [&hellip;]\" \/>\n<meta property=\"og:url\" content=\"https:\/\/palitrochestore.com.mx\/?product=funko-pop-supreme-doctor-strange-1005-multiverse-madness\" \/>\n<meta property=\"og:site_name\" content=\"Palitroche Store\" \/>\n<meta property=\"article:modified_time\" content=\"2026-02-13T07:56:12+00:00\" \/>\n<meta property=\"og:image\" content=\"https:\/\/palitrochestore.com.mx\/wp-content\/uploads\/2022\/07\/91.1.jpg\" \/>\n\t<meta property=\"og:image:width\" content=\"1200\" \/>\n\t<meta property=\"og:image:height\" content=\"1200\" \/>\n\t<meta property=\"og:image:type\" content=\"image\/jpeg\" \/>\n<meta name=\"twitter:card\" content=\"summary_large_image\" \/>\n<meta name=\"twitter:label1\" content=\"Tiempo de lectura\" \/>\n\t<meta name=\"twitter:data1\" content=\"1 minuto\" \/>\n<script type=\"application\/ld+json\" class=\"yoast-schema-graph\">{\"@context\":\"https:\\\/\\\/schema.org\",\"@graph\":[{\"@type\":\"WebPage\",\"@id\":\"https:\\\/\\\/palitrochestore.com.mx\\\/?product=funko-pop-supreme-doctor-strange-1005-multiverse-madness\",\"url\":\"https:\\\/\\\/palitrochestore.com.mx\\\/?product=funko-pop-supreme-doctor-strange-1005-multiverse-madness\",\"name\":\"Funko Pop Supreme Doctor Strange 1005 Multiverse Madness - Palitroche Store\",\"isPartOf\":{\"@id\":\"https:\\\/\\\/palitrochestore.com.mx\\\/#website\"},\"primaryImageOfPage\":{\"@id\":\"https:\\\/\\\/palitrochestore.com.mx\\\/?product=funko-pop-supreme-doctor-strange-1005-multiverse-madness#primaryimage\"},\"image\":{\"@id\":\"https:\\\/\\\/palitrochestore.com.mx\\\/?product=funko-pop-supreme-doctor-strange-1005-multiverse-madness#primaryimage\"},\"thumbnailUrl\":\"https:\\\/\\\/palitrochestore.com.mx\\\/wp-content\\\/uploads\\\/2022\\\/07\\\/91.1.jpg\",\"datePublished\":\"2022-07-05T02:55:09+00:00\",\"dateModified\":\"2026-02-13T07:56:12+00:00\",\"breadcrumb\":{\"@id\":\"https:\\\/\\\/palitrochestore.com.mx\\\/?product=funko-pop-supreme-doctor-strange-1005-multiverse-madness#breadcrumb\"},\"inLanguage\":\"es\",\"potentialAction\":[{\"@type\":\"ReadAction\",\"target\":[\"https:\\\/\\\/palitrochestore.com.mx\\\/?product=funko-pop-supreme-doctor-strange-1005-multiverse-madness\"]}]},{\"@type\":\"ImageObject\",\"inLanguage\":\"es\",\"@id\":\"https:\\\/\\\/palitrochestore.com.mx\\\/?product=funko-pop-supreme-doctor-strange-1005-multiverse-madness#primaryimage\",\"url\":\"https:\\\/\\\/palitrochestore.com.mx\\\/wp-content\\\/uploads\\\/2022\\\/07\\\/91.1.jpg\",\"contentUrl\":\"https:\\\/\\\/palitrochestore.com.mx\\\/wp-content\\\/uploads\\\/2022\\\/07\\\/91.1.jpg\",\"width\":1200,\"height\":1200},{\"@type\":\"BreadcrumbList\",\"@id\":\"https:\\\/\\\/palitrochestore.com.mx\\\/?product=funko-pop-supreme-doctor-strange-1005-multiverse-madness#breadcrumb\",\"itemListElement\":[{\"@type\":\"ListItem\",\"position\":1,\"name\":\"Home\",\"item\":\"https:\\\/\\\/palitrochestore.com.mx\\\/\"},{\"@type\":\"ListItem\",\"position\":2,\"name\":\"Shop\",\"item\":\"https:\\\/\\\/palitrochestore.com.mx\\\/?page_id=21686\"},{\"@type\":\"ListItem\",\"position\":3,\"name\":\"Funko Pop Supreme Doctor Strange 1005 Multiverse Madness\"}]},{\"@type\":\"WebSite\",\"@id\":\"https:\\\/\\\/palitrochestore.com.mx\\\/#website\",\"url\":\"https:\\\/\\\/palitrochestore.com.mx\\\/\",\"name\":\"Palitroche Store\",\"description\":\"Tienda f\u00edsica y online para comprar figuras de anime en M\u00e9xico, figuras originales coleccionables Bandai y S.H.Figuarts y tambi\u00e9n TCG como One Piece y Pok\u00e9mon TCG en CDMX\",\"publisher\":{\"@id\":\"https:\\\/\\\/palitrochestore.com.mx\\\/#organization\"},\"potentialAction\":[{\"@type\":\"SearchAction\",\"target\":{\"@type\":\"EntryPoint\",\"urlTemplate\":\"https:\\\/\\\/palitrochestore.com.mx\\\/?s={search_term_string}\"},\"query-input\":{\"@type\":\"PropertyValueSpecification\",\"valueRequired\":true,\"valueName\":\"search_term_string\"}}],\"inLanguage\":\"es\"},{\"@type\":\"Organization\",\"@id\":\"https:\\\/\\\/palitrochestore.com.mx\\\/#organization\",\"name\":\"Palitroche Store\",\"url\":\"https:\\\/\\\/palitrochestore.com.mx\\\/\",\"logo\":{\"@type\":\"ImageObject\",\"inLanguage\":\"es\",\"@id\":\"https:\\\/\\\/palitrochestore.com.mx\\\/#\\\/schema\\\/logo\\\/image\\\/\",\"url\":\"https:\\\/\\\/palitrochestore.com.mx\\\/wp-content\\\/uploads\\\/2025\\\/12\\\/cropped-LOGO_PALI_2025-1.png\",\"contentUrl\":\"https:\\\/\\\/palitrochestore.com.mx\\\/wp-content\\\/uploads\\\/2025\\\/12\\\/cropped-LOGO_PALI_2025-1.png\",\"width\":2117,\"height\":1572,\"caption\":\"Palitroche Store\"},\"image\":{\"@id\":\"https:\\\/\\\/palitrochestore.com.mx\\\/#\\\/schema\\\/logo\\\/image\\\/\"}}]}<\/script>\n<!-- \/ Yoast SEO plugin. -->","yoast_head_json":{"title":"Funko Pop Supreme Doctor Strange 1005 Multiverse Madness - Palitroche Store","robots":{"index":"index","follow":"follow","max-snippet":"max-snippet:-1","max-image-preview":"max-image-preview:large","max-video-preview":"max-video-preview:-1"},"canonical":"https:\/\/palitrochestore.com.mx\/?product=funko-pop-supreme-doctor-strange-1005-multiverse-madness","og_locale":"es_ES","og_type":"article","og_title":"Funko Pop Supreme Doctor Strange 1005 Multiverse Madness - Palitroche Store","og_description":"Se parte del Multiverso de la Locura, con esta nueva colecci\u00f3n que Funko y Marvel Studios ponen a tu alcance con este modelo POP Marvel, inspirado en la nueva pel\u00edcula de Doctor Strange Multiverse of Madness, ad\u00e9ntrate al MCU con esta nueva aventura en donde el Hechicero Supremo se enfrenta a sus equivocaciones y a [&hellip;]","og_url":"https:\/\/palitrochestore.com.mx\/?product=funko-pop-supreme-doctor-strange-1005-multiverse-madness","og_site_name":"Palitroche Store","article_modified_time":"2026-02-13T07:56:12+00:00","og_image":[{"width":1200,"height":1200,"url":"https:\/\/palitrochestore.com.mx\/wp-content\/uploads\/2022\/07\/91.1.jpg","type":"image\/jpeg"}],"twitter_card":"summary_large_image","twitter_misc":{"Tiempo de lectura":"1 minuto"},"schema":{"@context":"https:\/\/schema.org","@graph":[{"@type":"WebPage","@id":"https:\/\/palitrochestore.com.mx\/?product=funko-pop-supreme-doctor-strange-1005-multiverse-madness","url":"https:\/\/palitrochestore.com.mx\/?product=funko-pop-supreme-doctor-strange-1005-multiverse-madness","name":"Funko Pop Supreme Doctor Strange 1005 Multiverse Madness - Palitroche Store","isPartOf":{"@id":"https:\/\/palitrochestore.com.mx\/#website"},"primaryImageOfPage":{"@id":"https:\/\/palitrochestore.com.mx\/?product=funko-pop-supreme-doctor-strange-1005-multiverse-madness#primaryimage"},"image":{"@id":"https:\/\/palitrochestore.com.mx\/?product=funko-pop-supreme-doctor-strange-1005-multiverse-madness#primaryimage"},"thumbnailUrl":"https:\/\/palitrochestore.com.mx\/wp-content\/uploads\/2022\/07\/91.1.jpg","datePublished":"2022-07-05T02:55:09+00:00","dateModified":"2026-02-13T07:56:12+00:00","breadcrumb":{"@id":"https:\/\/palitrochestore.com.mx\/?product=funko-pop-supreme-doctor-strange-1005-multiverse-madness#breadcrumb"},"inLanguage":"es","potentialAction":[{"@type":"ReadAction","target":["https:\/\/palitrochestore.com.mx\/?product=funko-pop-supreme-doctor-strange-1005-multiverse-madness"]}]},{"@type":"ImageObject","inLanguage":"es","@id":"https:\/\/palitrochestore.com.mx\/?product=funko-pop-supreme-doctor-strange-1005-multiverse-madness#primaryimage","url":"https:\/\/palitrochestore.com.mx\/wp-content\/uploads\/2022\/07\/91.1.jpg","contentUrl":"https:\/\/palitrochestore.com.mx\/wp-content\/uploads\/2022\/07\/91.1.jpg","width":1200,"height":1200},{"@type":"BreadcrumbList","@id":"https:\/\/palitrochestore.com.mx\/?product=funko-pop-supreme-doctor-strange-1005-multiverse-madness#breadcrumb","itemListElement":[{"@type":"ListItem","position":1,"name":"Home","item":"https:\/\/palitrochestore.com.mx\/"},{"@type":"ListItem","position":2,"name":"Shop","item":"https:\/\/palitrochestore.com.mx\/?page_id=21686"},{"@type":"ListItem","position":3,"name":"Funko Pop Supreme Doctor Strange 1005 Multiverse Madness"}]},{"@type":"WebSite","@id":"https:\/\/palitrochestore.com.mx\/#website","url":"https:\/\/palitrochestore.com.mx\/","name":"Palitroche Store","description":"Tienda f\u00edsica y online para comprar figuras de anime en M\u00e9xico, figuras originales coleccionables Bandai y S.H.Figuarts y tambi\u00e9n TCG como One Piece y Pok\u00e9mon TCG en CDMX","publisher":{"@id":"https:\/\/palitrochestore.com.mx\/#organization"},"potentialAction":[{"@type":"SearchAction","target":{"@type":"EntryPoint","urlTemplate":"https:\/\/palitrochestore.com.mx\/?s={search_term_string}"},"query-input":{"@type":"PropertyValueSpecification","valueRequired":true,"valueName":"search_term_string"}}],"inLanguage":"es"},{"@type":"Organization","@id":"https:\/\/palitrochestore.com.mx\/#organization","name":"Palitroche Store","url":"https:\/\/palitrochestore.com.mx\/","logo":{"@type":"ImageObject","inLanguage":"es","@id":"https:\/\/palitrochestore.com.mx\/#\/schema\/logo\/image\/","url":"https:\/\/palitrochestore.com.mx\/wp-content\/uploads\/2025\/12\/cropped-LOGO_PALI_2025-1.png","contentUrl":"https:\/\/palitrochestore.com.mx\/wp-content\/uploads\/2025\/12\/cropped-LOGO_PALI_2025-1.png","width":2117,"height":1572,"caption":"Palitroche Store"},"image":{"@id":"https:\/\/palitrochestore.com.mx\/#\/schema\/logo\/image\/"}}]}},"_links":{"self":[{"href":"https:\/\/palitrochestore.com.mx\/index.php?rest_route=\/wp\/v2\/product\/6069","targetHints":{"allow":["GET"]}}],"collection":[{"href":"https:\/\/palitrochestore.com.mx\/index.php?rest_route=\/wp\/v2\/product"}],"about":[{"href":"https:\/\/palitrochestore.com.mx\/index.php?rest_route=\/wp\/v2\/types\/product"}],"replies":[{"embeddable":true,"href":"https:\/\/palitrochestore.com.mx\/index.php?rest_route=%2Fwp%2Fv2%2Fcomments&post=6069"}],"version-history":[{"count":1,"href":"https:\/\/palitrochestore.com.mx\/index.php?rest_route=\/wp\/v2\/product\/6069\/revisions"}],"predecessor-version":[{"id":6073,"href":"https:\/\/palitrochestore.com.mx\/index.php?rest_route=\/wp\/v2\/product\/6069\/revisions\/6073"}],"wp:featuredmedia":[{"embeddable":true,"href":"https:\/\/palitrochestore.com.mx\/index.php?rest_route=\/wp\/v2\/media\/6070"}],"wp:attachment":[{"href":"https:\/\/palitrochestore.com.mx\/index.php?rest_route=%2Fwp%2Fv2%2Fmedia&parent=6069"}],"wp:term":[{"taxonomy":"product_brand","embeddable":true,"href":"https:\/\/palitrochestore.com.mx\/index.php?rest_route=%2Fwp%2Fv2%2Fproduct_brand&post=6069"},{"taxonomy":"product_cat","embeddable":true,"href":"https:\/\/palitrochestore.com.mx\/index.php?rest_route=%2Fwp%2Fv2%2Fproduct_cat&post=6069"},{"taxonomy":"product_tag","embeddable":true,"href":"https:\/\/palitrochestore.com.mx\/index.php?rest_route=%2Fwp%2Fv2%2Fproduct_tag&post=6069"}],"curies":[{"name":"wp","href":"https:\/\/api.w.org\/{rel}","templated":true}]}}