{"id":19353,"date":"2026-01-27T12:13:28","date_gmt":"2026-01-27T18:13:28","guid":{"rendered":"https:\/\/palitrochestore.com.mx\/product\/hasbrotransformers-deluxe-class-barricade-the-last-knight\/"},"modified":"2026-03-18T23:43:36","modified_gmt":"2026-03-19T05:43:36","slug":"hasbrotransformers-deluxe-class-barricade-the-last-knight","status":"publish","type":"product","link":"https:\/\/palitrochestore.com.mx\/?product=hasbrotransformers-deluxe-class-barricade-the-last-knight","title":{"rendered":"HasbroTransformers Deluxe Class Barricade The Last Knight"},"content":{"rendered":"<p><strong>Marca:<\/strong> Hasbro<br \/>\n<strong>Producto:<\/strong> Transformers Deluxe Class Barricade The Last Knight<\/p>\n<p>Revive la intensidad de Transformers con esta figura Deluxe Class de Barricade, uno de los Decepticons m\u00e1s imponentes de <em>The Last Knight<\/em>. Una pieza ideal para coleccionistas que buscan detalle, presencia y autenticidad en su vitrina.<\/p>\n<p>Perfecta para exhibici\u00f3n o recrear escenas de la pel\u00edcula, esta figura combina dise\u00f1o fiel al filme y gran jugabilidad. En Palitroche Toys la recomendamos como un imprescindible para fans y coleccionistas de Transformers en M\u00e9xico.<\/p>\n<ul>\n<li>Figura original licenciada de la pel\u00edcula Transformers: The Last Knight<\/li>\n<li>Escala Deluxe Class con excelente nivel de detalle<\/li>\n<li>Dise\u00f1o fiel al personaje Barricade en modo robot<\/li>\n<li>Articulaciones ideales para poses din\u00e1micas<\/li>\n<li>Producto ideal para colecci\u00f3n o exhibici\u00f3n<\/li>\n<\/ul>\n<p>Compra con confianza en <strong>Palitroche Toys<\/strong>, tu tienda especializada en figuras de colecci\u00f3n en M\u00e9xico.<\/p>\n<ul>\n<li>Env\u00edos r\u00e1pidos a todo el pa\u00eds<\/li>\n<li>Excelente atenci\u00f3n al cliente<\/li>\n<li>Compra segura y confiable<\/li>\n<\/ul>\n","protected":false},"excerpt":{"rendered":"<p>Marca: Hasbro Producto: Transformers Deluxe Class Barricade The Last Knight Revive la intensidad de Transformers con esta figura Deluxe Class de Barricade, uno de los Decepticons m\u00e1s imponentes de The Last Knight. Una pieza ideal para coleccionistas que buscan detalle, presencia y autenticidad en su vitrina. Perfecta para exhibici\u00f3n o recrear escenas de la pel\u00edcula, [&hellip;]<\/p>\n","protected":false},"featured_media":19211,"comment_status":"open","ping_status":"closed","template":"","meta":{"site-sidebar-layout":"default","site-content-layout":"","ast-site-content-layout":"default","site-content-style":"default","site-sidebar-style":"default","ast-global-header-display":"","ast-banner-title-visibility":"","ast-main-header-display":"","ast-hfb-above-header-display":"","ast-hfb-below-header-display":"","ast-hfb-mobile-header-display":"","site-post-title":"","ast-breadcrumbs-content":"","ast-featured-img":"","footer-sml-layout":"","ast-disable-related-posts":"","theme-transparent-header-meta":"","adv-header-id-meta":"","stick-header-meta":"","header-above-stick-meta":"","header-main-stick-meta":"","header-below-stick-meta":"","astra-migrate-meta-layouts":"default","ast-page-background-enabled":"default","ast-page-background-meta":{"desktop":{"background-color":"","background-image":"","background-repeat":"repeat","background-position":"center center","background-size":"auto","background-attachment":"scroll","background-type":"","background-media":"","overlay-type":"","overlay-color":"","overlay-opacity":"","overlay-gradient":""},"tablet":{"background-color":"","background-image":"","background-repeat":"repeat","background-position":"center center","background-size":"auto","background-attachment":"scroll","background-type":"","background-media":"","overlay-type":"","overlay-color":"","overlay-opacity":"","overlay-gradient":""},"mobile":{"background-color":"","background-image":"","background-repeat":"repeat","background-position":"center center","background-size":"auto","background-attachment":"scroll","background-type":"","background-media":"","overlay-type":"","overlay-color":"","overlay-opacity":"","overlay-gradient":""}},"ast-content-background-meta":{"desktop":{"background-color":"var(--ast-global-color-5)","background-image":"","background-repeat":"repeat","background-position":"center center","background-size":"auto","background-attachment":"scroll","background-type":"","background-media":"","overlay-type":"","overlay-color":"","overlay-opacity":"","overlay-gradient":""},"tablet":{"background-color":"var(--ast-global-color-5)","background-image":"","background-repeat":"repeat","background-position":"center center","background-size":"auto","background-attachment":"scroll","background-type":"","background-media":"","overlay-type":"","overlay-color":"","overlay-opacity":"","overlay-gradient":""},"mobile":{"background-color":"var(--ast-global-color-5)","background-image":"","background-repeat":"repeat","background-position":"center center","background-size":"auto","background-attachment":"scroll","background-type":"","background-media":"","overlay-type":"","overlay-color":"","overlay-opacity":"","overlay-gradient":""}}},"product_brand":[],"product_cat":[101,39],"product_tag":[],"class_list":{"0":"post-19353","1":"product","2":"type-product","3":"status-publish","4":"has-post-thumbnail","6":"product_cat-anime","7":"product_cat-todas","8":"desktop-align-center","9":"tablet-align-center","10":"mobile-align-center","12":"first","13":"outofstock","14":"sold-individually","15":"shipping-taxable","16":"purchasable","17":"product-type-simple"},"yoast_head":"<!-- This site is optimized with the Yoast SEO plugin v27.3 - https:\/\/yoast.com\/product\/yoast-seo-wordpress\/ -->\n<title>HasbroTransformers Deluxe Class Barricade The Last Knight - Palitroche Store<\/title>\n<meta name=\"robots\" content=\"index, follow, max-snippet:-1, max-image-preview:large, max-video-preview:-1\" \/>\n<link rel=\"canonical\" href=\"https:\/\/palitrochestore.com.mx\/?product=hasbrotransformers-deluxe-class-barricade-the-last-knight\" \/>\n<meta property=\"og:locale\" content=\"es_ES\" \/>\n<meta property=\"og:type\" content=\"article\" \/>\n<meta property=\"og:title\" content=\"HasbroTransformers Deluxe Class Barricade The Last Knight - Palitroche Store\" \/>\n<meta property=\"og:description\" content=\"Marca: Hasbro Producto: Transformers Deluxe Class Barricade The Last Knight Revive la intensidad de Transformers con esta figura Deluxe Class de Barricade, uno de los Decepticons m\u00e1s imponentes de The Last Knight. Una pieza ideal para coleccionistas que buscan detalle, presencia y autenticidad en su vitrina. Perfecta para exhibici\u00f3n o recrear escenas de la pel\u00edcula, [&hellip;]\" \/>\n<meta property=\"og:url\" content=\"https:\/\/palitrochestore.com.mx\/?product=hasbrotransformers-deluxe-class-barricade-the-last-knight\" \/>\n<meta property=\"og:site_name\" content=\"Palitroche Store\" \/>\n<meta property=\"article:modified_time\" content=\"2026-03-19T05:43:36+00:00\" \/>\n<meta property=\"og:image\" content=\"https:\/\/palitrochestore.com.mx\/wp-content\/uploads\/2026\/01\/TRANSFORMER-1.webp\" \/>\n\t<meta property=\"og:image:width\" content=\"1920\" \/>\n\t<meta property=\"og:image:height\" content=\"1920\" \/>\n\t<meta property=\"og:image:type\" content=\"image\/webp\" \/>\n<meta name=\"twitter:card\" content=\"summary_large_image\" \/>\n<meta name=\"twitter:label1\" content=\"Tiempo de lectura\" \/>\n\t<meta name=\"twitter:data1\" content=\"1 minuto\" \/>\n<script type=\"application\/ld+json\" class=\"yoast-schema-graph\">{\"@context\":\"https:\\\/\\\/schema.org\",\"@graph\":[{\"@type\":\"WebPage\",\"@id\":\"https:\\\/\\\/palitrochestore.com.mx\\\/?product=hasbrotransformers-deluxe-class-barricade-the-last-knight\",\"url\":\"https:\\\/\\\/palitrochestore.com.mx\\\/?product=hasbrotransformers-deluxe-class-barricade-the-last-knight\",\"name\":\"HasbroTransformers Deluxe Class Barricade The Last Knight - Palitroche Store\",\"isPartOf\":{\"@id\":\"https:\\\/\\\/palitrochestore.com.mx\\\/#website\"},\"primaryImageOfPage\":{\"@id\":\"https:\\\/\\\/palitrochestore.com.mx\\\/?product=hasbrotransformers-deluxe-class-barricade-the-last-knight#primaryimage\"},\"image\":{\"@id\":\"https:\\\/\\\/palitrochestore.com.mx\\\/?product=hasbrotransformers-deluxe-class-barricade-the-last-knight#primaryimage\"},\"thumbnailUrl\":\"https:\\\/\\\/palitrochestore.com.mx\\\/wp-content\\\/uploads\\\/2026\\\/01\\\/TRANSFORMER-1.webp\",\"datePublished\":\"2026-01-27T18:13:28+00:00\",\"dateModified\":\"2026-03-19T05:43:36+00:00\",\"breadcrumb\":{\"@id\":\"https:\\\/\\\/palitrochestore.com.mx\\\/?product=hasbrotransformers-deluxe-class-barricade-the-last-knight#breadcrumb\"},\"inLanguage\":\"es\",\"potentialAction\":[{\"@type\":\"ReadAction\",\"target\":[\"https:\\\/\\\/palitrochestore.com.mx\\\/?product=hasbrotransformers-deluxe-class-barricade-the-last-knight\"]}]},{\"@type\":\"ImageObject\",\"inLanguage\":\"es\",\"@id\":\"https:\\\/\\\/palitrochestore.com.mx\\\/?product=hasbrotransformers-deluxe-class-barricade-the-last-knight#primaryimage\",\"url\":\"https:\\\/\\\/palitrochestore.com.mx\\\/wp-content\\\/uploads\\\/2026\\\/01\\\/TRANSFORMER-1.webp\",\"contentUrl\":\"https:\\\/\\\/palitrochestore.com.mx\\\/wp-content\\\/uploads\\\/2026\\\/01\\\/TRANSFORMER-1.webp\",\"width\":1920,\"height\":1920},{\"@type\":\"BreadcrumbList\",\"@id\":\"https:\\\/\\\/palitrochestore.com.mx\\\/?product=hasbrotransformers-deluxe-class-barricade-the-last-knight#breadcrumb\",\"itemListElement\":[{\"@type\":\"ListItem\",\"position\":1,\"name\":\"Home\",\"item\":\"https:\\\/\\\/palitrochestore.com.mx\\\/\"},{\"@type\":\"ListItem\",\"position\":2,\"name\":\"Shop\",\"item\":\"https:\\\/\\\/palitrochestore.com.mx\\\/?page_id=21686\"},{\"@type\":\"ListItem\",\"position\":3,\"name\":\"HasbroTransformers Deluxe Class Barricade The Last Knight\"}]},{\"@type\":\"WebSite\",\"@id\":\"https:\\\/\\\/palitrochestore.com.mx\\\/#website\",\"url\":\"https:\\\/\\\/palitrochestore.com.mx\\\/\",\"name\":\"Palitroche Store\",\"description\":\"Tienda f\u00edsica y online para comprar figuras de anime en M\u00e9xico, figuras originales coleccionables Bandai y S.H.Figuarts y tambi\u00e9n TCG como One Piece y Pok\u00e9mon TCG en CDMX\",\"publisher\":{\"@id\":\"https:\\\/\\\/palitrochestore.com.mx\\\/#organization\"},\"potentialAction\":[{\"@type\":\"SearchAction\",\"target\":{\"@type\":\"EntryPoint\",\"urlTemplate\":\"https:\\\/\\\/palitrochestore.com.mx\\\/?s={search_term_string}\"},\"query-input\":{\"@type\":\"PropertyValueSpecification\",\"valueRequired\":true,\"valueName\":\"search_term_string\"}}],\"inLanguage\":\"es\"},{\"@type\":\"Organization\",\"@id\":\"https:\\\/\\\/palitrochestore.com.mx\\\/#organization\",\"name\":\"Palitroche Store\",\"url\":\"https:\\\/\\\/palitrochestore.com.mx\\\/\",\"logo\":{\"@type\":\"ImageObject\",\"inLanguage\":\"es\",\"@id\":\"https:\\\/\\\/palitrochestore.com.mx\\\/#\\\/schema\\\/logo\\\/image\\\/\",\"url\":\"https:\\\/\\\/palitrochestore.com.mx\\\/wp-content\\\/uploads\\\/2025\\\/12\\\/cropped-LOGO_PALI_2025-1.png\",\"contentUrl\":\"https:\\\/\\\/palitrochestore.com.mx\\\/wp-content\\\/uploads\\\/2025\\\/12\\\/cropped-LOGO_PALI_2025-1.png\",\"width\":2117,\"height\":1572,\"caption\":\"Palitroche Store\"},\"image\":{\"@id\":\"https:\\\/\\\/palitrochestore.com.mx\\\/#\\\/schema\\\/logo\\\/image\\\/\"}}]}<\/script>\n<!-- \/ Yoast SEO plugin. -->","yoast_head_json":{"title":"HasbroTransformers Deluxe Class Barricade The Last Knight - Palitroche Store","robots":{"index":"index","follow":"follow","max-snippet":"max-snippet:-1","max-image-preview":"max-image-preview:large","max-video-preview":"max-video-preview:-1"},"canonical":"https:\/\/palitrochestore.com.mx\/?product=hasbrotransformers-deluxe-class-barricade-the-last-knight","og_locale":"es_ES","og_type":"article","og_title":"HasbroTransformers Deluxe Class Barricade The Last Knight - Palitroche Store","og_description":"Marca: Hasbro Producto: Transformers Deluxe Class Barricade The Last Knight Revive la intensidad de Transformers con esta figura Deluxe Class de Barricade, uno de los Decepticons m\u00e1s imponentes de The Last Knight. Una pieza ideal para coleccionistas que buscan detalle, presencia y autenticidad en su vitrina. Perfecta para exhibici\u00f3n o recrear escenas de la pel\u00edcula, [&hellip;]","og_url":"https:\/\/palitrochestore.com.mx\/?product=hasbrotransformers-deluxe-class-barricade-the-last-knight","og_site_name":"Palitroche Store","article_modified_time":"2026-03-19T05:43:36+00:00","og_image":[{"width":1920,"height":1920,"url":"https:\/\/palitrochestore.com.mx\/wp-content\/uploads\/2026\/01\/TRANSFORMER-1.webp","type":"image\/webp"}],"twitter_card":"summary_large_image","twitter_misc":{"Tiempo de lectura":"1 minuto"},"schema":{"@context":"https:\/\/schema.org","@graph":[{"@type":"WebPage","@id":"https:\/\/palitrochestore.com.mx\/?product=hasbrotransformers-deluxe-class-barricade-the-last-knight","url":"https:\/\/palitrochestore.com.mx\/?product=hasbrotransformers-deluxe-class-barricade-the-last-knight","name":"HasbroTransformers Deluxe Class Barricade The Last Knight - Palitroche Store","isPartOf":{"@id":"https:\/\/palitrochestore.com.mx\/#website"},"primaryImageOfPage":{"@id":"https:\/\/palitrochestore.com.mx\/?product=hasbrotransformers-deluxe-class-barricade-the-last-knight#primaryimage"},"image":{"@id":"https:\/\/palitrochestore.com.mx\/?product=hasbrotransformers-deluxe-class-barricade-the-last-knight#primaryimage"},"thumbnailUrl":"https:\/\/palitrochestore.com.mx\/wp-content\/uploads\/2026\/01\/TRANSFORMER-1.webp","datePublished":"2026-01-27T18:13:28+00:00","dateModified":"2026-03-19T05:43:36+00:00","breadcrumb":{"@id":"https:\/\/palitrochestore.com.mx\/?product=hasbrotransformers-deluxe-class-barricade-the-last-knight#breadcrumb"},"inLanguage":"es","potentialAction":[{"@type":"ReadAction","target":["https:\/\/palitrochestore.com.mx\/?product=hasbrotransformers-deluxe-class-barricade-the-last-knight"]}]},{"@type":"ImageObject","inLanguage":"es","@id":"https:\/\/palitrochestore.com.mx\/?product=hasbrotransformers-deluxe-class-barricade-the-last-knight#primaryimage","url":"https:\/\/palitrochestore.com.mx\/wp-content\/uploads\/2026\/01\/TRANSFORMER-1.webp","contentUrl":"https:\/\/palitrochestore.com.mx\/wp-content\/uploads\/2026\/01\/TRANSFORMER-1.webp","width":1920,"height":1920},{"@type":"BreadcrumbList","@id":"https:\/\/palitrochestore.com.mx\/?product=hasbrotransformers-deluxe-class-barricade-the-last-knight#breadcrumb","itemListElement":[{"@type":"ListItem","position":1,"name":"Home","item":"https:\/\/palitrochestore.com.mx\/"},{"@type":"ListItem","position":2,"name":"Shop","item":"https:\/\/palitrochestore.com.mx\/?page_id=21686"},{"@type":"ListItem","position":3,"name":"HasbroTransformers Deluxe Class Barricade The Last Knight"}]},{"@type":"WebSite","@id":"https:\/\/palitrochestore.com.mx\/#website","url":"https:\/\/palitrochestore.com.mx\/","name":"Palitroche Store","description":"Tienda f\u00edsica y online para comprar figuras de anime en M\u00e9xico, figuras originales coleccionables Bandai y S.H.Figuarts y tambi\u00e9n TCG como One Piece y Pok\u00e9mon TCG en CDMX","publisher":{"@id":"https:\/\/palitrochestore.com.mx\/#organization"},"potentialAction":[{"@type":"SearchAction","target":{"@type":"EntryPoint","urlTemplate":"https:\/\/palitrochestore.com.mx\/?s={search_term_string}"},"query-input":{"@type":"PropertyValueSpecification","valueRequired":true,"valueName":"search_term_string"}}],"inLanguage":"es"},{"@type":"Organization","@id":"https:\/\/palitrochestore.com.mx\/#organization","name":"Palitroche Store","url":"https:\/\/palitrochestore.com.mx\/","logo":{"@type":"ImageObject","inLanguage":"es","@id":"https:\/\/palitrochestore.com.mx\/#\/schema\/logo\/image\/","url":"https:\/\/palitrochestore.com.mx\/wp-content\/uploads\/2025\/12\/cropped-LOGO_PALI_2025-1.png","contentUrl":"https:\/\/palitrochestore.com.mx\/wp-content\/uploads\/2025\/12\/cropped-LOGO_PALI_2025-1.png","width":2117,"height":1572,"caption":"Palitroche Store"},"image":{"@id":"https:\/\/palitrochestore.com.mx\/#\/schema\/logo\/image\/"}}]}},"_links":{"self":[{"href":"https:\/\/palitrochestore.com.mx\/index.php?rest_route=\/wp\/v2\/product\/19353","targetHints":{"allow":["GET"]}}],"collection":[{"href":"https:\/\/palitrochestore.com.mx\/index.php?rest_route=\/wp\/v2\/product"}],"about":[{"href":"https:\/\/palitrochestore.com.mx\/index.php?rest_route=\/wp\/v2\/types\/product"}],"replies":[{"embeddable":true,"href":"https:\/\/palitrochestore.com.mx\/index.php?rest_route=%2Fwp%2Fv2%2Fcomments&post=19353"}],"version-history":[{"count":0,"href":"https:\/\/palitrochestore.com.mx\/index.php?rest_route=\/wp\/v2\/product\/19353\/revisions"}],"wp:featuredmedia":[{"embeddable":true,"href":"https:\/\/palitrochestore.com.mx\/index.php?rest_route=\/wp\/v2\/media\/19211"}],"wp:attachment":[{"href":"https:\/\/palitrochestore.com.mx\/index.php?rest_route=%2Fwp%2Fv2%2Fmedia&parent=19353"}],"wp:term":[{"taxonomy":"product_brand","embeddable":true,"href":"https:\/\/palitrochestore.com.mx\/index.php?rest_route=%2Fwp%2Fv2%2Fproduct_brand&post=19353"},{"taxonomy":"product_cat","embeddable":true,"href":"https:\/\/palitrochestore.com.mx\/index.php?rest_route=%2Fwp%2Fv2%2Fproduct_cat&post=19353"},{"taxonomy":"product_tag","embeddable":true,"href":"https:\/\/palitrochestore.com.mx\/index.php?rest_route=%2Fwp%2Fv2%2Fproduct_tag&post=19353"}],"curies":[{"name":"wp","href":"https:\/\/api.w.org\/{rel}","templated":true}]}}