{"id":17414,"date":"2025-10-19T02:23:35","date_gmt":"2025-10-19T08:23:35","guid":{"rendered":"https:\/\/palitrochestore.com.mx\/?post_type=product&#038;p=17414"},"modified":"2026-01-28T18:46:21","modified_gmt":"2026-01-29T00:46:21","slug":"apartado-preventa-pokemon-tcg-phantasmal-flames-booster-bundle-espanol","status":"publish","type":"product","link":"https:\/\/palitrochestore.com.mx\/?product=apartado-preventa-pokemon-tcg-phantasmal-flames-booster-bundle-espanol","title":{"rendered":"Pok\u00e9mon TCG Phantasmal Flames Booster Bundle ESPA\u00d1OL"},"content":{"rendered":"<p data-start=\"0\" data-end=\"271\"><strong data-start=\"3\" data-end=\"51\">Pok\u00e9mon TCG Phantasmal Flames Booster Bundle<\/strong> es la forma perfecta de adentrarte en la expansi\u00f3n m\u00e1s intensa del a\u00f1o. Cada paquete incluye seis sobres de refuerzo llenos de cartas de tipo Fantasma y Fuego que encender\u00e1n tu estrategia y har\u00e1n brillar tu colecci\u00f3n.<\/p>\n<p data-start=\"273\" data-end=\"466\">Cons\u00edguelo en <strong data-start=\"287\" data-end=\"306\">Palitroche Toys<\/strong> y asegura tu producto original y sellado antes de que se agote. Ideal para entrenadores que buscan nuevas cartas poderosas y un toque de misterio en su mazo.<\/p>\n<p data-start=\"468\" data-end=\"503\"><strong data-start=\"468\" data-end=\"501\">Caracter\u00edsticas del producto:<\/strong><\/p>\n<ul data-start=\"504\" data-end=\"806\">\n<li data-start=\"504\" data-end=\"567\">\n<p data-start=\"506\" data-end=\"567\">Producto: <strong data-start=\"516\" data-end=\"564\">Pok\u00e9mon TCG Phantasmal Flames Booster Bundle<\/strong>.<\/p>\n<\/li>\n<li data-start=\"568\" data-end=\"630\">\n<p data-start=\"570\" data-end=\"630\">Contiene 6 sobres de refuerzo del set <em data-start=\"608\" data-end=\"627\">Phantasmal Flames<\/em>.<\/p>\n<\/li>\n<li data-start=\"631\" data-end=\"701\">\n<p data-start=\"633\" data-end=\"701\">Cartas con dise\u00f1os exclusivos de Pok\u00e9mon de tipo Fantasma y Fuego.<\/p>\n<\/li>\n<li data-start=\"702\" data-end=\"762\">\n<p data-start=\"704\" data-end=\"762\">Perfecto para ampliar tu colecci\u00f3n o fortalecer tu deck.<\/p>\n<\/li>\n<li data-start=\"763\" data-end=\"806\">\n<p data-start=\"765\" data-end=\"806\">Producto original, sellado y en ingl\u00e9s.<\/p>\n<\/li>\n<\/ul>\n<p data-start=\"808\" data-end=\"854\"><strong data-start=\"808\" data-end=\"852\">Compra con confianza en Palitroche Toys:<\/strong><\/p>\n<ul data-start=\"855\" data-end=\"1063\" data-is-last-node=\"\" data-is-only-node=\"\">\n<li data-start=\"855\" data-end=\"895\">\n<p data-start=\"857\" data-end=\"895\">Env\u00edo r\u00e1pido y seguro a todo M\u00e9xico.<\/p>\n<\/li>\n<li data-start=\"896\" data-end=\"948\">\n<p data-start=\"898\" data-end=\"948\">Atenci\u00f3n personalizada para fans de Pok\u00e9mon TCG.<\/p>\n<\/li>\n<li data-start=\"949\" data-end=\"975\">\n<p data-start=\"951\" data-end=\"975\">Tienda f\u00edsica en CDMX.<\/p>\n<\/li>\n<li data-start=\"976\" data-end=\"1016\">\n<p data-start=\"978\" data-end=\"1016\">Compra 100% garantizada y protegida.<\/p>\n<\/li>\n<li data-start=\"1017\" data-end=\"1063\" data-is-last-node=\"\">\n<p data-start=\"1019\" data-end=\"1063\" data-is-last-node=\"\">Productos originales de The Pok\u00e9mon Company.<\/p>\n<\/li>\n<\/ul>\n","protected":false},"excerpt":{"rendered":"<p>Pok\u00e9mon TCG Phantasmal Flames Booster Bundle es la forma perfecta de adentrarte en la expansi\u00f3n m\u00e1s intensa del a\u00f1o. Cada paquete incluye seis sobres de refuerzo llenos de cartas de tipo Fantasma y Fuego que encender\u00e1n tu estrategia y har\u00e1n brillar tu colecci\u00f3n. Cons\u00edguelo en Palitroche Toys y asegura tu producto original y sellado antes [&hellip;]<\/p>\n","protected":false},"featured_media":17413,"comment_status":"open","ping_status":"closed","template":"","meta":{"site-sidebar-layout":"default","site-content-layout":"","ast-site-content-layout":"default","site-content-style":"default","site-sidebar-style":"default","ast-global-header-display":"","ast-banner-title-visibility":"","ast-main-header-display":"","ast-hfb-above-header-display":"","ast-hfb-below-header-display":"","ast-hfb-mobile-header-display":"","site-post-title":"","ast-breadcrumbs-content":"","ast-featured-img":"","footer-sml-layout":"","ast-disable-related-posts":"","theme-transparent-header-meta":"default","adv-header-id-meta":"","stick-header-meta":"","header-above-stick-meta":"","header-main-stick-meta":"","header-below-stick-meta":"","astra-migrate-meta-layouts":"set","ast-page-background-enabled":"default","ast-page-background-meta":{"desktop":{"background-color":"","background-image":"","background-repeat":"repeat","background-position":"center center","background-size":"auto","background-attachment":"scroll","background-type":"","background-media":"","overlay-type":"","overlay-color":"","overlay-opacity":"","overlay-gradient":""},"tablet":{"background-color":"","background-image":"","background-repeat":"repeat","background-position":"center center","background-size":"auto","background-attachment":"scroll","background-type":"","background-media":"","overlay-type":"","overlay-color":"","overlay-opacity":"","overlay-gradient":""},"mobile":{"background-color":"","background-image":"","background-repeat":"repeat","background-position":"center center","background-size":"auto","background-attachment":"scroll","background-type":"","background-media":"","overlay-type":"","overlay-color":"","overlay-opacity":"","overlay-gradient":""}},"ast-content-background-meta":{"desktop":{"background-color":"var(--ast-global-color-5)","background-image":"","background-repeat":"repeat","background-position":"center center","background-size":"auto","background-attachment":"scroll","background-type":"","background-media":"","overlay-type":"","overlay-color":"","overlay-opacity":"","overlay-gradient":""},"tablet":{"background-color":"var(--ast-global-color-5)","background-image":"","background-repeat":"repeat","background-position":"center center","background-size":"auto","background-attachment":"scroll","background-type":"","background-media":"","overlay-type":"","overlay-color":"","overlay-opacity":"","overlay-gradient":""},"mobile":{"background-color":"var(--ast-global-color-5)","background-image":"","background-repeat":"repeat","background-position":"center center","background-size":"auto","background-attachment":"scroll","background-type":"","background-media":"","overlay-type":"","overlay-color":"","overlay-opacity":"","overlay-gradient":""}}},"product_brand":[],"product_cat":[399],"product_tag":[],"class_list":{"0":"post-17414","1":"product","2":"type-product","3":"status-publish","4":"has-post-thumbnail","6":"product_cat-pokemon-tcg","7":"desktop-align-center","8":"tablet-align-center","9":"mobile-align-center","11":"first","12":"outofstock","13":"sold-individually","14":"shipping-taxable","15":"purchasable","16":"product-type-simple"},"yoast_head":"<!-- This site is optimized with the Yoast SEO plugin v27.3 - https:\/\/yoast.com\/product\/yoast-seo-wordpress\/ -->\n<title>Pok\u00e9mon TCG Phantasmal Flames Booster Bundle ESPA\u00d1OL - Palitroche Store<\/title>\n<meta name=\"robots\" content=\"index, follow, max-snippet:-1, max-image-preview:large, max-video-preview:-1\" \/>\n<link rel=\"canonical\" href=\"https:\/\/palitrochestore.com.mx\/producto\/apartado-preventa-pokemon-tcg-phantasmal-flames-booster-bundle-espanol\/\" \/>\n<meta property=\"og:locale\" content=\"es_ES\" \/>\n<meta property=\"og:type\" content=\"article\" \/>\n<meta property=\"og:title\" content=\"Pok\u00e9mon TCG Phantasmal Flames Booster Bundle ESPA\u00d1OL - Palitroche Store\" \/>\n<meta property=\"og:description\" content=\"Pok\u00e9mon TCG Phantasmal Flames Booster Bundle es la forma perfecta de adentrarte en la expansi\u00f3n m\u00e1s intensa del a\u00f1o. Cada paquete incluye seis sobres de refuerzo llenos de cartas de tipo Fantasma y Fuego que encender\u00e1n tu estrategia y har\u00e1n brillar tu colecci\u00f3n. Cons\u00edguelo en Palitroche Toys y asegura tu producto original y sellado antes [&hellip;]\" \/>\n<meta property=\"og:url\" content=\"https:\/\/palitrochestore.com.mx\/producto\/apartado-preventa-pokemon-tcg-phantasmal-flames-booster-bundle-espanol\/\" \/>\n<meta property=\"og:site_name\" content=\"Palitroche Store\" \/>\n<meta property=\"article:modified_time\" content=\"2026-01-29T00:46:21+00:00\" \/>\n<meta property=\"og:image\" content=\"https:\/\/palitrochestore.com.mx\/wp-content\/uploads\/2025\/10\/3-1.png\" \/>\n\t<meta property=\"og:image:width\" content=\"500\" \/>\n\t<meta property=\"og:image:height\" content=\"500\" \/>\n\t<meta property=\"og:image:type\" content=\"image\/png\" \/>\n<meta name=\"twitter:card\" content=\"summary_large_image\" \/>\n<meta name=\"twitter:label1\" content=\"Tiempo de lectura\" \/>\n\t<meta name=\"twitter:data1\" content=\"1 minuto\" \/>\n<script type=\"application\/ld+json\" class=\"yoast-schema-graph\">{\"@context\":\"https:\\\/\\\/schema.org\",\"@graph\":[{\"@type\":\"WebPage\",\"@id\":\"https:\\\/\\\/palitrochestore.com.mx\\\/producto\\\/apartado-preventa-pokemon-tcg-phantasmal-flames-booster-bundle-espanol\\\/\",\"url\":\"https:\\\/\\\/palitrochestore.com.mx\\\/producto\\\/apartado-preventa-pokemon-tcg-phantasmal-flames-booster-bundle-espanol\\\/\",\"name\":\"Pok\u00e9mon TCG Phantasmal Flames Booster Bundle ESPA\u00d1OL - Palitroche Store\",\"isPartOf\":{\"@id\":\"https:\\\/\\\/palitrochestore.com.mx\\\/#website\"},\"primaryImageOfPage\":{\"@id\":\"https:\\\/\\\/palitrochestore.com.mx\\\/producto\\\/apartado-preventa-pokemon-tcg-phantasmal-flames-booster-bundle-espanol\\\/#primaryimage\"},\"image\":{\"@id\":\"https:\\\/\\\/palitrochestore.com.mx\\\/producto\\\/apartado-preventa-pokemon-tcg-phantasmal-flames-booster-bundle-espanol\\\/#primaryimage\"},\"thumbnailUrl\":\"https:\\\/\\\/palitrochestore.com.mx\\\/wp-content\\\/uploads\\\/2025\\\/10\\\/3-1.png\",\"datePublished\":\"2025-10-19T08:23:35+00:00\",\"dateModified\":\"2026-01-29T00:46:21+00:00\",\"breadcrumb\":{\"@id\":\"https:\\\/\\\/palitrochestore.com.mx\\\/producto\\\/apartado-preventa-pokemon-tcg-phantasmal-flames-booster-bundle-espanol\\\/#breadcrumb\"},\"inLanguage\":\"es\",\"potentialAction\":[{\"@type\":\"ReadAction\",\"target\":[\"https:\\\/\\\/palitrochestore.com.mx\\\/producto\\\/apartado-preventa-pokemon-tcg-phantasmal-flames-booster-bundle-espanol\\\/\"]}]},{\"@type\":\"ImageObject\",\"inLanguage\":\"es\",\"@id\":\"https:\\\/\\\/palitrochestore.com.mx\\\/producto\\\/apartado-preventa-pokemon-tcg-phantasmal-flames-booster-bundle-espanol\\\/#primaryimage\",\"url\":\"https:\\\/\\\/palitrochestore.com.mx\\\/wp-content\\\/uploads\\\/2025\\\/10\\\/3-1.png\",\"contentUrl\":\"https:\\\/\\\/palitrochestore.com.mx\\\/wp-content\\\/uploads\\\/2025\\\/10\\\/3-1.png\",\"width\":500,\"height\":500},{\"@type\":\"BreadcrumbList\",\"@id\":\"https:\\\/\\\/palitrochestore.com.mx\\\/producto\\\/apartado-preventa-pokemon-tcg-phantasmal-flames-booster-bundle-espanol\\\/#breadcrumb\",\"itemListElement\":[{\"@type\":\"ListItem\",\"position\":1,\"name\":\"Home\",\"item\":\"https:\\\/\\\/palitrochestore.com.mx\\\/\"},{\"@type\":\"ListItem\",\"position\":2,\"name\":\"Shop\",\"item\":\"https:\\\/\\\/palitrochestore.com.mx\\\/?page_id=21686\"},{\"@type\":\"ListItem\",\"position\":3,\"name\":\"Pok\u00e9mon TCG Phantasmal Flames Booster Bundle ESPA\u00d1OL\"}]},{\"@type\":\"WebSite\",\"@id\":\"https:\\\/\\\/palitrochestore.com.mx\\\/#website\",\"url\":\"https:\\\/\\\/palitrochestore.com.mx\\\/\",\"name\":\"Palitroche Store\",\"description\":\"Tienda f\u00edsica y online para comprar figuras de anime en M\u00e9xico, figuras originales coleccionables Bandai y S.H.Figuarts y tambi\u00e9n TCG como One Piece y Pok\u00e9mon TCG en CDMX\",\"publisher\":{\"@id\":\"https:\\\/\\\/palitrochestore.com.mx\\\/#organization\"},\"potentialAction\":[{\"@type\":\"SearchAction\",\"target\":{\"@type\":\"EntryPoint\",\"urlTemplate\":\"https:\\\/\\\/palitrochestore.com.mx\\\/?s={search_term_string}\"},\"query-input\":{\"@type\":\"PropertyValueSpecification\",\"valueRequired\":true,\"valueName\":\"search_term_string\"}}],\"inLanguage\":\"es\"},{\"@type\":\"Organization\",\"@id\":\"https:\\\/\\\/palitrochestore.com.mx\\\/#organization\",\"name\":\"Palitroche Store\",\"url\":\"https:\\\/\\\/palitrochestore.com.mx\\\/\",\"logo\":{\"@type\":\"ImageObject\",\"inLanguage\":\"es\",\"@id\":\"https:\\\/\\\/palitrochestore.com.mx\\\/#\\\/schema\\\/logo\\\/image\\\/\",\"url\":\"https:\\\/\\\/palitrochestore.com.mx\\\/wp-content\\\/uploads\\\/2025\\\/12\\\/cropped-LOGO_PALI_2025-1.png\",\"contentUrl\":\"https:\\\/\\\/palitrochestore.com.mx\\\/wp-content\\\/uploads\\\/2025\\\/12\\\/cropped-LOGO_PALI_2025-1.png\",\"width\":2117,\"height\":1572,\"caption\":\"Palitroche Store\"},\"image\":{\"@id\":\"https:\\\/\\\/palitrochestore.com.mx\\\/#\\\/schema\\\/logo\\\/image\\\/\"}}]}<\/script>\n<!-- \/ Yoast SEO plugin. -->","yoast_head_json":{"title":"Pok\u00e9mon TCG Phantasmal Flames Booster Bundle ESPA\u00d1OL - Palitroche Store","robots":{"index":"index","follow":"follow","max-snippet":"max-snippet:-1","max-image-preview":"max-image-preview:large","max-video-preview":"max-video-preview:-1"},"canonical":"https:\/\/palitrochestore.com.mx\/producto\/apartado-preventa-pokemon-tcg-phantasmal-flames-booster-bundle-espanol\/","og_locale":"es_ES","og_type":"article","og_title":"Pok\u00e9mon TCG Phantasmal Flames Booster Bundle ESPA\u00d1OL - Palitroche Store","og_description":"Pok\u00e9mon TCG Phantasmal Flames Booster Bundle es la forma perfecta de adentrarte en la expansi\u00f3n m\u00e1s intensa del a\u00f1o. Cada paquete incluye seis sobres de refuerzo llenos de cartas de tipo Fantasma y Fuego que encender\u00e1n tu estrategia y har\u00e1n brillar tu colecci\u00f3n. Cons\u00edguelo en Palitroche Toys y asegura tu producto original y sellado antes [&hellip;]","og_url":"https:\/\/palitrochestore.com.mx\/producto\/apartado-preventa-pokemon-tcg-phantasmal-flames-booster-bundle-espanol\/","og_site_name":"Palitroche Store","article_modified_time":"2026-01-29T00:46:21+00:00","og_image":[{"width":500,"height":500,"url":"https:\/\/palitrochestore.com.mx\/wp-content\/uploads\/2025\/10\/3-1.png","type":"image\/png"}],"twitter_card":"summary_large_image","twitter_misc":{"Tiempo de lectura":"1 minuto"},"schema":{"@context":"https:\/\/schema.org","@graph":[{"@type":"WebPage","@id":"https:\/\/palitrochestore.com.mx\/producto\/apartado-preventa-pokemon-tcg-phantasmal-flames-booster-bundle-espanol\/","url":"https:\/\/palitrochestore.com.mx\/producto\/apartado-preventa-pokemon-tcg-phantasmal-flames-booster-bundle-espanol\/","name":"Pok\u00e9mon TCG Phantasmal Flames Booster Bundle ESPA\u00d1OL - Palitroche Store","isPartOf":{"@id":"https:\/\/palitrochestore.com.mx\/#website"},"primaryImageOfPage":{"@id":"https:\/\/palitrochestore.com.mx\/producto\/apartado-preventa-pokemon-tcg-phantasmal-flames-booster-bundle-espanol\/#primaryimage"},"image":{"@id":"https:\/\/palitrochestore.com.mx\/producto\/apartado-preventa-pokemon-tcg-phantasmal-flames-booster-bundle-espanol\/#primaryimage"},"thumbnailUrl":"https:\/\/palitrochestore.com.mx\/wp-content\/uploads\/2025\/10\/3-1.png","datePublished":"2025-10-19T08:23:35+00:00","dateModified":"2026-01-29T00:46:21+00:00","breadcrumb":{"@id":"https:\/\/palitrochestore.com.mx\/producto\/apartado-preventa-pokemon-tcg-phantasmal-flames-booster-bundle-espanol\/#breadcrumb"},"inLanguage":"es","potentialAction":[{"@type":"ReadAction","target":["https:\/\/palitrochestore.com.mx\/producto\/apartado-preventa-pokemon-tcg-phantasmal-flames-booster-bundle-espanol\/"]}]},{"@type":"ImageObject","inLanguage":"es","@id":"https:\/\/palitrochestore.com.mx\/producto\/apartado-preventa-pokemon-tcg-phantasmal-flames-booster-bundle-espanol\/#primaryimage","url":"https:\/\/palitrochestore.com.mx\/wp-content\/uploads\/2025\/10\/3-1.png","contentUrl":"https:\/\/palitrochestore.com.mx\/wp-content\/uploads\/2025\/10\/3-1.png","width":500,"height":500},{"@type":"BreadcrumbList","@id":"https:\/\/palitrochestore.com.mx\/producto\/apartado-preventa-pokemon-tcg-phantasmal-flames-booster-bundle-espanol\/#breadcrumb","itemListElement":[{"@type":"ListItem","position":1,"name":"Home","item":"https:\/\/palitrochestore.com.mx\/"},{"@type":"ListItem","position":2,"name":"Shop","item":"https:\/\/palitrochestore.com.mx\/?page_id=21686"},{"@type":"ListItem","position":3,"name":"Pok\u00e9mon TCG Phantasmal Flames Booster Bundle ESPA\u00d1OL"}]},{"@type":"WebSite","@id":"https:\/\/palitrochestore.com.mx\/#website","url":"https:\/\/palitrochestore.com.mx\/","name":"Palitroche Store","description":"Tienda f\u00edsica y online para comprar figuras de anime en M\u00e9xico, figuras originales coleccionables Bandai y S.H.Figuarts y tambi\u00e9n TCG como One Piece y Pok\u00e9mon TCG en CDMX","publisher":{"@id":"https:\/\/palitrochestore.com.mx\/#organization"},"potentialAction":[{"@type":"SearchAction","target":{"@type":"EntryPoint","urlTemplate":"https:\/\/palitrochestore.com.mx\/?s={search_term_string}"},"query-input":{"@type":"PropertyValueSpecification","valueRequired":true,"valueName":"search_term_string"}}],"inLanguage":"es"},{"@type":"Organization","@id":"https:\/\/palitrochestore.com.mx\/#organization","name":"Palitroche Store","url":"https:\/\/palitrochestore.com.mx\/","logo":{"@type":"ImageObject","inLanguage":"es","@id":"https:\/\/palitrochestore.com.mx\/#\/schema\/logo\/image\/","url":"https:\/\/palitrochestore.com.mx\/wp-content\/uploads\/2025\/12\/cropped-LOGO_PALI_2025-1.png","contentUrl":"https:\/\/palitrochestore.com.mx\/wp-content\/uploads\/2025\/12\/cropped-LOGO_PALI_2025-1.png","width":2117,"height":1572,"caption":"Palitroche Store"},"image":{"@id":"https:\/\/palitrochestore.com.mx\/#\/schema\/logo\/image\/"}}]}},"_links":{"self":[{"href":"https:\/\/palitrochestore.com.mx\/index.php?rest_route=\/wp\/v2\/product\/17414","targetHints":{"allow":["GET"]}}],"collection":[{"href":"https:\/\/palitrochestore.com.mx\/index.php?rest_route=\/wp\/v2\/product"}],"about":[{"href":"https:\/\/palitrochestore.com.mx\/index.php?rest_route=\/wp\/v2\/types\/product"}],"replies":[{"embeddable":true,"href":"https:\/\/palitrochestore.com.mx\/index.php?rest_route=%2Fwp%2Fv2%2Fcomments&post=17414"}],"version-history":[{"count":0,"href":"https:\/\/palitrochestore.com.mx\/index.php?rest_route=\/wp\/v2\/product\/17414\/revisions"}],"wp:featuredmedia":[{"embeddable":true,"href":"https:\/\/palitrochestore.com.mx\/index.php?rest_route=\/wp\/v2\/media\/17413"}],"wp:attachment":[{"href":"https:\/\/palitrochestore.com.mx\/index.php?rest_route=%2Fwp%2Fv2%2Fmedia&parent=17414"}],"wp:term":[{"taxonomy":"product_brand","embeddable":true,"href":"https:\/\/palitrochestore.com.mx\/index.php?rest_route=%2Fwp%2Fv2%2Fproduct_brand&post=17414"},{"taxonomy":"product_cat","embeddable":true,"href":"https:\/\/palitrochestore.com.mx\/index.php?rest_route=%2Fwp%2Fv2%2Fproduct_cat&post=17414"},{"taxonomy":"product_tag","embeddable":true,"href":"https:\/\/palitrochestore.com.mx\/index.php?rest_route=%2Fwp%2Fv2%2Fproduct_tag&post=17414"}],"curies":[{"name":"wp","href":"https:\/\/api.w.org\/{rel}","templated":true}]}}